when 583 is divided by z(-5)?
7
Suppose 2*i - 8 = -0. Suppose 4*f - 24 - 31 = -r, 4*f - 256 = -i*r. Calculate the remainder when r is divided by 18.
13
Let p(s) = 2*s**3 - 67*s**2 + 32*s + 60. Calculate the remainder when p(33) is divided by 8.
3
Let f = -20 + 24. Suppose -22*m + f = -23*m. Let y(n) = n**3 + 6*n**2 + 5*n + 1. Calculate the remainder when y(m) is divided by 8.
5
Calculate the remainder when 21 is divided by (5 - 23/3)*(-36)/8.
9
Suppose 0*z + z - 973 = -3*b, 5*z = -4*b + 1290. What is the remainder when b is divided by 82?
79
Let g(l) = l**2 - l + 8. Calculate the remainder when g(6) is divided by (3 + -5)*(-8 + 3).
8
Suppose -2*y = 3*g + 74, 3*g + y + 81 = 8. Let w = 40 + g. What is the remainder when 78 is divided by w?
14
Suppose -2*b = d + 54, -5*d + 7*b = 2*b + 240. Let r = -37 - d. Calculate the remainder when 64 is divided by r.
12
Let n = 2819 + -2680. Calculate the remainder when n is divided by 129.
10
Let i(s) = -15*s - 7*s + 21*s + 31. What is the remainder when i(21) is divided by 3?
1
Suppose -x = -6*x - 40. Let c = x - -78. Suppose 0 = -3*a - 3, -4*a + 3*a = -5*y + 91. What is the remainder when c is divided by y?
16
Let j(i) = 20*i + 2. Let h be j(-2). What is the remainder when 99 is divided by -1 - (1*h + 3)?
31
Let t = 292 + -280. Let g(r) = 2*r - 4. What is the remainder when t is divided by g(4)?
0
Let q be (-3)/(-6)*(8 + -2). Suppose -5*g + 19 = -l + q*l, -l + 5 = 4*g. What is the remainder when l is divided by 7?
3
Suppose 0 = -4*g - 5*s + 36, -9 = -2*g - 5*s - 1. Calculate the remainder when 125 is divided by g.
13
Let p = 641 - 606. What is the remainder when 115 is divided by p?
10
Suppose -3*t = -t - 6. Suppose -5*r - h + 170 = 0, -5*h + 89 = t*r - 13. Suppose -252 = -7*d - 7*d. What is the remainder when r is divided by d?
16
Suppose -3*c = -0*c - 489. Suppose 2*u = 2*j - 82, 4*u + u + c = 4*j. Calculate the remainder when 164 is divided by j.
38
Let c = 0 - -2. Let a be (-35)/10 - (-1)/c. What is the remainder when a/2*(-408)/9 is divided by 23?
22
Let z(c) = -30*c**3 - 63*c**2 - 61*c + 2. Let q = -91 - -150. What is the remainder when q is divided by z(-1)?
29
Let i(d) = -7*d**3 + 5*d**2 + 5*d + 29. Let w(t) = 6*t**3 - 4*t**2 - 4*t - 28. Let c(z) = -5*i(z) - 6*w(z). Calculate the remainder when 113 is divided by c(0).
21
Suppose 0 = -2*o + 4*o - 6. Let f = o - -22. Suppose 0*v = 4*v - 20, 5*u - 3*v - 50 = 0. What is the remainder when f is divided by u?
12
Let p = -10 + 7. Let o(b) = -11*b**2 + 93*b - 27. What is the remainder when (-2 - p)*(-38)/(-1) is divided by o(8)?
12
Let v = -215 + 358. What is the remainder when v is divided by 18?
17
Let r = -7 + 7. Suppose -4*z + 3*s + 35 = r, 2*z + 0*s = -5*s - 15. Suppose -z*f - 35 - 3 = -3*q, -q - f = -2. What is the remainder when 16 is divided by q?
4
Calculate the remainder when 123 is divided by -4 - 13/(-4) - (-489)/12.
3
Let h(v) = 2*v**2 + 43*v + 323. Calculate the remainder when 161 is divided by h(-12).
66
Let j(l) = -7*l - 12. Let v(w) = w**2 - 6*w - 10. Let a be v(7). Let m(y) = y + 1. Let u(t) = a*m(t) - j(t). Calculate the remainder when u(6) is divided by 9.
6
Suppose 20 = 5*i - 5. Suppose -i*c + r + 8 = -38, 5*r - 22 = -3*c. Calculate the remainder when 26 is divided by c.
8
Suppose 0 = 4*i - j - 411, -3*j = -i - 4*j + 99. Calculate the remainder when i is divided by 26.
24
Let v(m) = m**3 + 15*m**2 + 2*m + 35. Let n be v(-15). Calculate the remainder when 42 is divided by 3*n/1*(3 + -2).
12
Suppose 2*c - o + 3 = -0*c, -2*c - 3*o = -9. Suppose c = 5*x + a - 218, -a + 2 = -2*a. Calculate the remainder when 130 is divided by x.
42
Let u = -7 - -1. What is the remainder when (-87)/(-4) - u/24 is divided by 8?
6
Suppose -9 = -4*d + 7, 2*z = -5*d + 74. Calculate the remainder when z is divided by 8.
3
Suppose -23*g + 36 = -20*g. Let l(h) = 49*h - 25. Let m(b) = 12*b - 6. Let s(r) = 2*l(r) - 9*m(r). What is the remainder when s(-3) is divided by g?
10
Suppose 0 = d + d - 30. Let r(t) = 2*t - 6. Calculate the remainder when d is divided by r(5).
3
Let c = 223 - 46. What is the remainder when c is divided by 36?
33
Suppose -28 - 36 = -o. Calculate the remainder when o is divided by 6/(-16)*-34 + 7/28.
12
What is the remainder when 166 is divided by 13 - ((-13)/39)/((-2)/6)?
10
Suppose 0 = q + 57 - 111. Suppose 84 = -h - 2*h. Let s = 47 + h. What is the remainder when q is divided by s?
16
Suppose 3*l = 20 + 10. Let o(w) = w**2 - 8*w + 14. Let d be o(6). Suppose -21 - 17 = -d*y. Calculate the remainder when y is divided by l.
9
Calculate the remainder when -12 - (-57 + 7) - (-1 - 0) is divided by 15.
9
Let b(f) = -f + 13. What is the remainder when 44 is divided by b(8)?
4
Let h(j) = -j**3 + 10*j**2 + j - 5. Let f be h(10). Suppose 3*o = f*r - 133, 0*r + 104 = 4*r - 3*o. Calculate the remainder when r is divided by 15.
14
Let o = 2 + 5. Suppose -6*v + 31 = 7. Suppose -v = -6*g + 8. Calculate the remainder when o is divided by g.
1
Let f(k) = k**2 - 3*k + 3. Calculate the remainder when 210 is divided by f(8).
38
Calculate the remainder when 322 is divided by (-3 - -9)*(-6)/(-1).
34
Calculate the remainder when 53 is divided by ((-69)/(-184))/((-1)/(-24)).
8
Calculate the remainder when (-4290)/(-102) + (-13)/221 is divided by (-2 + 10/(-4))*-2.
6
Let r = 39 + -30. Let o = 56 - r. What is the remainder when o is divided by 6?
5
Let o(m) = -30*m - 50. What is the remainder when o(-9) is divided by 74?
72
Let o(m) = 2*m**2 - 11*m + 9. What is the remainder when 148 is divided by o(7)?
28
Let b = 973 + -867. What is the remainder when 415 is divided by b?
97
Let b(t) = 10*t**2 + t - 1. Let h be b(-1). Let c(a) = -3*a + 2. Calculate the remainder when c(-9) is divided by 20/h*(1 - -3).
9
Let v = 264 + -246. Calculate the remainder when 34 is divided by v.
16
Let d be (-9)/(-21) - (-104)/(-14). Let f = d + 19. What is the remainder when 93 is divided by f?
9
Let z(a) = 130*a**2 - 5*a + 5. Calculate the remainder when z(2) is divided by 74.
71
Let p = -396 - -612. Suppose -p + 192 = -4*h. Calculate the remainder when 62 is divided by h.
2
Let h(c) = 61*c - 494. What is the remainder when h(11) is divided by 10?
7
Let f = -38 + 58. What is the remainder when 2/(-7) - 2043/(-21) is divided by f?
17
Let y = 76 - 30. What is the remainder when 83 is divided by y?
37
Let a be (-4)/(-12) - (1/3 - 2). Suppose 0 = 2*g + 5*n - 69, -6*n + 66 = a*g - 2*n. What is the remainder when 78 is divided by g?
24
Suppose -2*d = -3*d + o + 70, -9 = -3*o. Let c = d + -49. Calculate the remainder when c is divided by 13.
11
Suppose -2*y + 4 = -12. Suppose -5*m + 72 = m. What is the remainder when (-2)/(-8) + 358/y is divided by m?
9
Let y = -35 + -17. Let j = y + 131. Calculate the remainder when j is divided by 21.
16
Let z = -112 + 118. Let b(w) = -w**3 - 6*w**2 + 7. Let n be b(-6). Let u = 16 + n. What is the remainder when u is divided by z?
5
Let k = -3125 + 4430. What is the remainder when k is divided by 109?
106
Suppose 0 = -c + 17*c - 8624. Calculate the remainder when c is divided by 27.
26
Let z(j) = j. Let a be z(3). Suppose -m + a*m + 150 = 0. Calculate the remainder when 23 is divided by (-182)/(-15) - (-10)/m.
11
Suppose 5*u - 18 = -3. Suppose 73 = u*o + 10. Suppose 0 = 3*p + 6*p - 549. Calculate the remainder when p is divided by o.
19
Let l = -32 + 58. Suppose 4*u - 215 = 5*j, 5*j = -5*u + 2*j + 241. Let w = u + 0. Calculate the remainder when w is divided by l.
24
What is the remainder when 336/(-588) + (-284)/(-7) is divided by 24?
16
Let x be 3/(-5)*20/(-2). Suppose x = 5*z - 19. Calculate the remainder when 29 is divided by z.
4
Suppose 7*h + 5*h = -216. Let z(m) = m**2 + m - 14. Let j be z(0). Let n = j - h. Calculate the remainder when 7 is divided by n.
3
Let r(m) = -m + 11. Suppose -6*h + 7*h - 7 = 0. Let j be r(h). Suppose -2*y + 20 = -j. What is the remainder when 33 is divided by y?
9
Let q(r) = 3*r**2 + 23*r - 76. Calculate the remainder when 237 is divided by q(-12).
77
Let k = -1143 - -1177. Let j(z) = -2*z**3 - z**2 + 2*z + 1. Suppose -5 + 1 = 2*m. What is the remainder when k is divided by j(m)?
7
Let i(n) = -n**3 + 5*n**2 - n + 5. Let s be i(5). What is the remainder when 225 is divided by 2/(4/(-6) + s) + 41?
35
Let n be (-2)/(-2) + (-3